mber?
False
Suppose x = 2215 - 312. Is x a composite number?
True
Suppose 0*t + 3*q + 5597 = -5*t, t + q + 1119 = 0. Let d be t/10 - -1*3. Let r = d - -186. Is r composite?
True
Suppose 5*z + 2*y - 38 = -y, 0 = -4*z - 4*y + 32. Suppose -751 = -z*r + 138. Is r a prime number?
True
Suppose -3*j - 3*s = -33, 7*j - 51 = 2*j - s. Is j/(-45) + 19905/27 a composite number?
True
Let f = 122717 - -91664. Is f composite?
False
Suppose 4875 = -15*y + 20*y. Let v be y/(-20)*(1 - -7). Let g = 131 - v. Is g composite?
False
Let r(f) = -f**2 + 4. Let w be r(-4). Is (-1650)/w + 9/6 a prime number?
True
Let t = -3 + 11. Let i = t + -6. Suppose 0*v - v + 3*b = -13, -5*v + i*b = -104. Is v prime?
False
Suppose 44 = -13*j + 15*j. Suppose 0 = -x - 3*i + 3, -2*x + i = -0*i - 34. Let z = j - x. Is z a composite number?
False
Let i = 462 - 248. Let t = 417 - i. Is t prime?
False
Suppose 0*n + 3*n + 5*t - 37 = 0, -5*t = -25. Suppose 96 = 5*r - 2*c, -n*r - 5*c + 3*c + 84 = 0. Suppose -2*s = -234 - r. Is s a prime number?
True
Let i(c) = -c**3 + c**2 - 1. Let h(u) = 8*u**3 - 2*u**2 + 2. Let q(x) = h(x) + 3*i(x). Let y be q(1). Suppose -y*l + l + 232 = 0. Is l prime?
False
Let s = -8085 - -15496. Is s prime?
True
Let c(y) be the third derivative of -y**5/60 - 17*y**4/12 - 17*y**3/3 - 17*y**2. Is c(-15) composite?
False
Let s(f) = -320*f**3 + 4*f**2 + 4*f + 1. Is s(-3) a prime number?
False
Suppose 6*g = 7*g - 4*s - 18213, -5*g + s = -91141. Is g a prime number?
True
Let t = 657 - 367. Suppose -24 - t = -4*y + 2*o, -4*y + 305 = o. Is y prime?
False
Let l = 12061 + -8342. Is l composite?
False
Suppose -7 = 3*p + 5*c, 4 + 7 = 3*p - 4*c. Is (p*(-1623)/6)/((-1)/2) a composite number?
False
Let r = -16797 + 34132. Is r prime?
False
Suppose 0 = 3*a - 7957 - 2708. Suppose o = 5*m + 1202, 3*o + m - a = -m. Is o prime?
True
Suppose -15*j + 110626 = 25591. Is j a prime number?
True
Let y(j) = 162*j - 3. Let b = 7 + -5. Let q be y(b). Suppose -654 = -4*m + 2*n, 2*m + n + 4*n = q. Is m a prime number?
True
Suppose 24 - 6 = 3*i. Suppose 327 = i*h - 327. Is h a composite number?
False
Suppose -492*y + 497*y - 595675 = 0. Is y composite?
True
Suppose 3*z = z + 4. Let d(l) = 0*l**2 + l**z + 3 + 5*l**2 + l - 2*l**2. Is d(2) composite?
True
Suppose 2*z + 2*z = 2*w - 21626, -5*w - 3*z = -54117. Is w prime?
False
Let o(h) = -27*h**2 + 2 + 566*h**2 + 526*h**2. Let g be (1/3)/(2/6). Is o(g) a composite number?
True
Let d(x) = 288*x + 21. Is d(10) a composite number?
True
Let t(a) = -a**3 + 4*a**2 + a - 1. Let b be t(4). Suppose 2*r - b*g = 257, 5*r = r - 3*g + 505. Is r a prime number?
True
Is 1645 + (-28 - 4)/4 a composite number?
False
Let n(v) = 2644*v - 42. Is n(1) a composite number?
True
Suppose 5*x = 79 + 146. Suppose d = 4*d - x. Suppose -d = -b + 19. Is b composite?
True
Suppose 5*c = -5*p, c + 2*p = -p. Is 1 - c - (-468)/9 a composite number?
False
Let h(u) = 5*u**3 + 6*u**2 + u + 11. Let l(j) = 9*j**3 + 13*j**2 + 2*j + 21. Let f(p) = -7*h(p) + 4*l(p). Is f(-5) a prime number?
True
Let i(p) = p**3 - 4*p**2 - 2*p + 1. Let w be i(4). Let r = w - -7. Suppose r = 3*d + 2*d - 2785. Is d a prime number?
True
Suppose -5*f - 5 = 3*k, -2*k - 3 = 3*f - 0*f. Suppose 2*a - 1874 = -3*y, -5*a - y = -k*y - 4711. Is a prime?
False
Let c be (326/(-6))/(1/(-36)). Suppose 484 + c = -4*r. Is (r - 0)*(-6)/12 composite?
True
Let l(f) = f**3 + 6*f**2 + 7*f + 3. Let d be l(-5). Let x = d + 9. Suppose -x*g = -5*g + 753. Is g a prime number?
True
Suppose -y = 3*g - 4*y + 6, -5*g + 4*y = 14. Let k = g + 4. Is (0 + k)*1 - -87 composite?
True
Suppose -2*g - 24*g + 555802 = 0. Is g a composite number?
False
Suppose 2*i - 6*i + 5*o + 30 = 0, i + o - 3 = 0. Let q = i - 6. Is (1 + -435)/(-3 - q) a prime number?
False
Suppose 94125 = 9*c + 7842. Is c composite?
False
Let s = -532 + 322. Suppose -9*g + 4*g = 635. Let n = g - s. Is n a prime number?
True
Suppose 5*x - 2037 = -2*c - 816, -4*c + 2477 = 3*x. Let k = -69 - c. Let d = -493 - k. Is d a prime number?
True
Suppose i - 14 = -4*k, 0*i + 5*k - 19 = -2*i. Suppose l - 2*s - 461 = 0, 2*s + i*s = 12. Is l a prime number?
True
Is (-45869 + 1)*2/(-8) a composite number?
False
Suppose 4*z = 6*z - 2. Is 1 - (z + 0 - 967) prime?
True
Let k(o) = -61*o + 14. Let p be k(-8). Suppose 7 = 6*w - 5. Suppose q - p = -w*c + 5*q, 5*c - 1255 = 5*q. Is c prime?
True
Let w(u) = 377*u**2 + 4*u + 13. Let z(d) = -189*d**2 - 2*d - 6. Let v(f) = 4*w(f) + 9*z(f). Let t be v(-1). Let x = 282 + t. Is x a composite number?
False
Let y(b) = 3*b + 9. Let v(u) = u**2 - 12*u - 5. Let d be v(12). Let j(p) = -2*p. Let o be j(d). Is y(o) prime?
False
Let u(x) = 106*x**2 + 6*x + 7. Suppose -6*r = -4*r + 4. Is u(r) composite?
False
Let g be (-12)/42 - (-3)/(-14)*-1406. Suppose 4*o + 0*j - 406 = -3*j, 4*j - g = -3*o. Is o composite?
False
Suppose 20*t - 138270 = 45670. Is t a prime number?
False
Let h = 71 - 58. Is h prime?
True
Let y be (10/(-25))/((-2)/20). Let x be y/6*225/6. Let c = 104 - x. Is c a composite number?
False
Let n(w) = -756*w**3 - 6*w**2 + 13*w + 3. Is n(-4) a prime number?
True
Suppose -2*c = -9*c + 75131. Suppose 14*u - 8125 = c. Is u composite?
True
Suppose 0 = -3*w - 4*q + 5197, -3*w + 6976 = w - 4*q. Is w a prime number?
False
Let v(t) = -109*t**3 + 4*t**2 + 70*t + 17. Is v(-6) prime?
False
Let h(f) = 24*f**2 + 2*f + 4. Suppose 2*u - 4*l = -5*l - 10, 0 = -5*u - l - 22. Let m(x) = 24*x**2 + 2*x + 3. Let z(a) = u*h(a) + 5*m(a). Is z(-2) composite?
True
Suppose 3*g - 14972 = -5*o, -3*o + 0*o = -2*g - 8987. Suppose 4*n + 831 = o. Is n a prime number?
True
Let l = -43 + 47. Suppose l*v = 6*v - 222. Is v prime?
False
Let k(h) = -29*h - 8. Let o be k(-6). Suppose 64 = -5*g + 2*a + 191, -3*g + 5*a = -61. Suppose -o = -5*b + 4*z + g, -119 = -3*b + 4*z. Is b composite?
False
Let p be (-4 - -1) + -1 + -18 + 1693. Suppose -c + p = 2*c. Is c composite?
False
Let c(z) be the second derivative of -167*z**5/120 - z**4/24 + z**3/6 - 11*z. Let n(h) be the second derivative of c(h). Is n(-1) a composite number?
True
Suppose 5*n - 20 = 0, 3*g + 0*n + 4*n = 8767. Is g composite?
False
Suppose 9 = 5*k - 11. Let y(w) be the third derivative of w**6/20 - w**5/60 + w**4/12 + w**3/6 - 24*w**2. Is y(k) composite?
True
Let z(k) = 4*k**2 - 4*k + 1. Let g(j) = 9*j**2 - 8*j + 3. Let b(m) = -2*g(m) + 5*z(m). Is b(-10) a composite number?
False
Is 5 - 8604*(5 + -7) prime?
False
Let c(t) = -2*t - 34. Let y be c(-7). Is 40/y + 256*1 prime?
False
Suppose -3*u = -5*b + 22, u + 1 = 5*b - 23. Suppose -229 = -b*p + 3966. Is p prime?
True
Let l(i) = i**2 + 6*i + 6. Let a(s) = -2*s**2 - 7*s - 6. Let k(y) = -3*a(y) - 4*l(y). Let u be k(-15). Is (u/18)/((-1)/(-6)) prime?
True
Let i = -16268 - -50265. Is i prime?
True
Let k(s) = 6*s + 0 + 4*s**2 - 11 + 15. Is k(-5) a composite number?
True
Let t(w) = 98*w**2 - 7*w + 5. Is t(-2) a composite number?
True
Suppose -10 = -3*r + r. Suppose -r*u + 2*u = 363. Let m = -63 - u. Is m a composite number?
True
Let i = 7443 - 5278. Let r = -366 + i. Is r a composite number?
True
Let d be (-8)/(-44) - 106/(-22). Let l = 170 - 70. Let f = l - d. Is f a composite number?
True
Suppose 5*t = 3*o + 3102 - 601, 4*o = 5*t - 3333. Let z = 1389 + o. Is z prime?
True
Let k = -4 - -4. Let g = 5 + k. Suppose 2*d - 54 = -g*p, -d + 1 = -5*p - 56. Is d a prime number?
True
Suppose 0 = 37*r - 55*r + 733914. Is r prime?
False
Suppose -5*h - 408 = 1342. Is (11/22 + h/8)*-20 composite?
True
Let g be (-24)/(-8)*(-70)/(-6). Suppose 2*m = 7 + g. Is m composite?
True
Let k(o) = 119*o + 276. Is k(10) composite?
True
Let u = -5851 - -3848. Let r = u + 3491. Suppose 4*n = 340 + r. Is n a prime number?
True
Suppose -2*q + 1242 + 10116 = 2*k, -3*q - 17061 = -3*k. Is k a prime number?
True
Let s(f) = -926*f + 875. Is s(-43) a composite number?
False
Suppose -q = 4*a - 5 + 61, 0 = -a + 4*q - 14. Let m = 17 + a. Suppose f - 628 = -m*f. Is f a composite number?
False
Let f(y) = -86*y - 25. Let a(j) = -43*j - 13. Let i(h) = -11*a(h) + 6*f(h). Is i(-2) composite?
False
Suppose q + 2*q = 3*u - 3888, -5*q + 2599 = 2*u. Let v(f) = -28*f**2 + 5*f - 7. Let h be v(-5). Let d = h + u. Is d prime?
False
Is (0 - (-1)/(-3))/(20/(-144120)) a prime number?
False
Suppose -7686 = -2*d - 2*p, 0 = 5*d + 19*p - 23*p - 19251. Is d prim